20 - -2). Let f = d - 845. Is f composite?
False
Let y = -6 + -1. Let u(m) = -m**2 - 7*m - 3. Let q be u(y). Is 117/(-2)*2/q prime?
False
Let g = 72030 - 28331. Is g a composite number?
True
Let c = -1320 + -1355. Let p be c/(2/4*-2). Suppose 6*f = f + p. Is f composite?
True
Suppose -f + 84 = f. Let q be (1/(-3))/((-7)/f). Suppose x + 4 = 0, 2*x + 699 = 3*v - q*v. Is v composite?
False
Suppose -7*y + 15 = -4*y, -1499 = -s + 3*y. Is s a composite number?
True
Let q(c) = c**3 - 11*c**2 - 11*c - 8. Let l be q(12). Let j be (16/(-6))/(l/(-12)). Is 265 - 5/(20/j) a composite number?
False
Let s(p) = 99*p - 653. Is s(30) a prime number?
False
Let p(c) = -107*c + 325. Is p(-38) a composite number?
False
Let d be 1*(-2)/3*-3. Suppose d*f = f. Suppose 3*y - y + 63 = j, 4*j - 5*y - 246 = f. Is j a prime number?
True
Suppose 10*k - 33813 - 24677 = 0. Let t = -3030 + k. Is t a composite number?
False
Let u(p) = -48*p + 37 - 8*p - 27*p. Is u(-8) prime?
True
Suppose -3*g + 1806 = 4*g. Let z = g + 829. Is z prime?
True
Suppose -4*f + 5*w + 820 = -0*f, 0 = f - 4*w - 194. Suppose 4*o - 11 = -3*p, 0 = -3*p + 6*o - 2*o - 29. Is f - (-1)/p*3 prime?
False
Let d(w) = 1342*w + 19. Is d(1) a composite number?
False
Let g be (21 + -15)*25/2. Suppose 4*u - 13 - g = 0. Is u a prime number?
False
Let p(x) = -x**3 - 2*x**2 + 3*x - 2. Let v be p(-3). Let a(l) be the third derivative of -113*l**4/24 - l**3/2 - 18*l**2. Is a(v) prime?
True
Is 2/(-7) + 2230/14 - -2 a composite number?
True
Suppose 19*p - 16*p = -153. Let f(k) = 2*k**2 - k + 6. Let d be f(6). Let z = p + d. Is z a prime number?
False
Let p be -4 - (-56)/(1 + -5). Is (222/p)/(1/(-15)) prime?
False
Let a(q) = 53*q**3 + q**2 + 27*q - 407. Is a(12) composite?
True
Suppose 0 = -t + 20 - 9. Suppose t = a - 3. Is (-6152)/(-7) - (-2)/a a composite number?
True
Let q = -1978 + 3851. Suppose -3*k - q = -v - 143, -2*k + 6934 = 4*v. Is v a composite number?
False
Let q = 6310 + 18127. Suppose -13*f + 2252 = -q. Is f a composite number?
False
Let r = 5232 - 3733. Is r composite?
False
Let s(f) = 6977*f + 8. Is s(7) prime?
True
Is ((-1)/2)/((-7)/2478) a prime number?
False
Suppose 0 = -15*k + 22*k - 20489. Is k a prime number?
True
Let m be (-25577)/15 - ((-309)/(-45) + -7). Let f = -842 - m. Is f a prime number?
True
Let c(i) = 404*i - 81. Is c(20) a composite number?
True
Let o = -8341 - -12038. Is o a composite number?
False
Let v = 225 + -36. Suppose -22 = -m + v. Is m prime?
True
Let w be (28/21)/(2/3). Suppose -w*x - 5*i = -2*i - 146, -2*i - 327 = -5*x. Let j = x + -8. Is j a prime number?
True
Suppose 2*g - 7*g + 30420 = 0. Let l = 8947 - g. Is l a prime number?
False
Let f(m) = -4*m**3 - m**2 + 2*m + 1618. Is f(0) composite?
True
Let q = 253 + 54. Is q prime?
True
Suppose -599*p = -598*p - 80023. Is p composite?
True
Let l(v) = v**3 + 7*v**2 + 4*v - 10. Let w be l(-5). Let b = w + -13. Suppose -b*i = -2*i - 370. Is i a prime number?
False
Let l be 1566 + ((-16)/4 - -2). Suppose -8*i + 4*i = -l. Let f = i - 168. Is f prime?
True
Let b be ((-5)/2)/(13/(-26)). Suppose -5595 = -5*n - b*p, 3*p = -n - 3*n + 4472. Is n prime?
False
Let a(l) = -l**2 - 18*l - 28. Let r be a(-16). Suppose 20 = r*o - 216. Is o a prime number?
True
Let u be 3*(1203/9 - 1). Suppose -4*j + u = -62. Is j a prime number?
False
Suppose d = -2*d - 5*j + 10, 5 = -3*d - 2*j. Is (d - -4)*-250 + -1 a composite number?
True
Suppose 4*t + 10 = -14. Is ((-446)/t)/((-8)/(-24)) composite?
False
Suppose -202209 = -20*f + 194411. Is f a prime number?
False
Is 1*6 + -15 + (-14 - -3534) prime?
True
Is ((-18)/12)/((-45)/206670) prime?
False
Let a be (-70498)/10 + 1/(-5). Is a/(-12) + (-2)/4 composite?
False
Let y(m) = -93*m**2 + 6*m - 2. Let t be y(-5). Is 11/(44/(-16))*t/4 composite?
False
Let v = -15546 + 21833. Is v a composite number?
False
Let g(v) = 24*v + 9. Let p be g(5). Suppose p = -0*q + 3*q. Let c = q - -106. Is c a composite number?
False
Is -5 + (-1*(3 + -3436) - 1) prime?
False
Suppose 9*k - 3097 = -v + 13*k, -5*v = -5*k - 15530. Is v prime?
True
Let h(i) = -7*i**3 - 52*i**2 + 6*i + 60. Is h(-23) composite?
True
Let d(r) = -119*r - 29. Let l = 66 + -78. Is d(l) prime?
True
Let m be 7/((-7)/3) + 3. Let g(y) = -2*y**3 + 3*y - 298. Let t(x) = -x**3 + x - 1. Let a(c) = -g(c) + 3*t(c). Is a(m) a prime number?
False
Let w = 95 - 60. Suppose 374 + w = q. Is q a composite number?
False
Let u(y) = -y**3 + 8*y**2 - y - 3. Let m be u(6). Let v = -20 + m. Is v composite?
False
Let j be (-497)/(98/20 + -5). Suppose -11*g + j = -18801. Is g prime?
True
Suppose -3761 = -3*t - z - 3*z, -2*t + 2*z = -2512. Is t composite?
True
Let c = 9569 + -5200. Is c prime?
False
Suppose 0 = -8*h + 4*h - 3264. Let f = h - -1451. Is f composite?
True
Suppose -3*g + 4 = -0*g + 4*h, -3*h = -2*g - 20. Let x(q) = -22*q - 5. Is x(g) a composite number?
False
Let n(l) = 5*l + 78. Let p be n(-16). Let c be 15*(1 - 3*-2). Is -2 + c/(3 + p) prime?
True
Suppose 204 = 2*q + 2*q. Suppose z - q - 68 = 0. Is z composite?
True
Let m(r) = -8*r**3 - 4*r**2 + 3*r + 3. Let s be m(-4). Suppose 2*j - 96 = -4*p + 304, -4*j - 2*p + 818 = 0. Let t = s - j. Is t a prime number?
True
Suppose 20 = z + 3*z - 4*n, -4*z + 2*n = -14. Suppose -z*j - v - 3*v = 14, j + v = -5. Is (j/(-6))/((-4)/(-6904)) a prime number?
True
Suppose -5*p + 3*n - 3522 = -p, 2*p - 5*n = -1768. Let s = -2 - p. Is s prime?
True
Let i(s) = 2279*s**2 + 6*s + 2. Is i(1) prime?
True
Suppose -2*x - 4*z = -11814, z + 2747 + 3148 = x. Is x composite?
True
Let t be (-144)/(-30) - 1/(-5). Suppose -t*n + n + 64 = 0. Let r = n - -3. Is r a prime number?
True
Let q(w) = w**2 + 4*w - 6. Let v be q(-6). Suppose v*p + 158 = 6776. Is p a composite number?
False
Suppose 5*q + 1294 = -2*t, 2*t + t = 3*q - 1983. Let c = 1244 + t. Is c prime?
True
Let k(u) = -27*u - 116. Is k(-13) a prime number?
False
Is (-18)/10 + 1315542/215 a composite number?
True
Suppose 19*p = 17*p + 1402. Is p composite?
False
Let i be (28/(-15) - (-6)/(-45))*-2. Suppose -3*s + 4*s - 1591 = -3*r, i = s. Is r prime?
False
Suppose 484*l = 479*l + 235. Is l a composite number?
False
Let l(b) be the second derivative of b**3/6 - b**2 - 5*b. Let u be l(5). Suppose u*y - 5 = 58. Is y a prime number?
False
Let t = -15 + 7. Let s(q) = -7*q + 9 - 3*q**2 + 2*q**2 - 2*q + 9. Is s(t) composite?
True
Suppose 53 = -3*p + 2*k, 2*k = 5*p + 98 - 7. Let w(b) = -b**2 - 23*b - 5. Is w(p) a composite number?
False
Suppose 64590 = 3*w - 3*j, w - 5740 - 15794 = 5*j. Is w a prime number?
True
Let m(k) = 4 + 2 + 2*k - 5 + 4. Let j be m(-4). Is (-25)/((j - -2) + 0) composite?
True
Let t = -9 + 8. Let o = 5 + t. Suppose -o*w = 16 - 1532. Is w prime?
True
Let j = -22 + 18. Is 0 + 1 + j + (409 - -3) a composite number?
False
Let a(f) = 72*f**2 + 51*f + 14. Is a(11) composite?
True
Let k(l) = -126*l + 4. Let v be k(3). Let d = v - -593. Let f = d + 412. Is f prime?
True
Let x = -21 - -95. Let s = x + 69. Is s composite?
True
Let r = -25 - -27. Suppose -3*a + a - 242 = -r*g, 5*a + 367 = 3*g. Is g composite?
True
Suppose -5*r + 9*r + 16 = 0. Let s(d) = 53*d**2 + 14. Is s(r) composite?
True
Suppose -49*a = -46*a - 54. Is (2036/(-6) + 0)*(-27)/a a composite number?
False
Suppose 4*k + 16481 = q, -112*q + 114*q + 5*k = 33001. Is q a prime number?
True
Suppose 2*y - 4 = -3*u, -1 = u - 3*y - 6. Suppose 10 = u*c, -v - 2*c + 1494 = 3*v. Is v composite?
True
Let c(n) = -2918*n - 82. Is c(-6) prime?
False
Suppose 0 = 4*s - 325*c + 324*c - 49493, 0 = -2*c - 2. Is s composite?
False
Let b = 9292 - 4697. Is b composite?
True
Suppose 3*n = -2181 - 1593. Let r = -414 - n. Suppose -d = -5*d + r. Is d prime?
True
Let l(n) = -n**3 + 14*n**2 - 5*n - 19. Let q be (-1391)/(-91) - 2/7. Let y = q - 2. Is l(y) prime?
False
Is -15*74724/(-28) + 6/21 prime?
True
Suppose -i + 2*i = 190. Let t = -497 + 208. Let m = i - t. Is m composite?
False
Let j = -24993 - -37990. Is j composite?
True
Let v(z) = 219*z + 209. Is v(30) a prime number?
True
Let z = 288 - 287. Suppose -4*t = -8*t - 16. Is (z/t)/(5/(-3260)) a composite number?
False
Let m(a) = a**3 - 12*a**2 - 13*a + 19. Let o be m(13). Let b = 21 - o. Suppose -b*i + 368 + 78 = 0. Is i a prime number?
True
Let o = -1206 + 3641. Is o a composite number?
True
Suppose 0*u = 5*u - 3*l - 